-4*(0 - (m/12 + 1)). What is the remainder when (-1)/(((-5)/f)/1) is divided by 11?
4
Suppose 332*u - 12 = 329*u. What is the remainder when 65 is divided by u/(-3)*(-54)/4?
11
What is the remainder when 1130 is divided by 226/6 + -30 + 2820/90?
38
Let h(l) = 5*l**2 + 4*l + 7. Let p be h(-3). Suppose f = 5*f - p. Let z = f - -3. What is the remainder when 33 is divided by z?
7
Let q(f) = f**2 - 27*f + 185. Let a(z) = -13*z + 268. Let l be a(19). Calculate the remainder when 163 is divided by q(l).
45
What is the remainder when 1430 is divided by ((-4185)/(-62))/(((-105)/(-56))/5)?
170
Let s(p) = 33*p + 391. Calculate the remainder when 391 is divided by s(-11).
27
Suppose -21*u + 66 = -19*u - 4*f, 3*f - 18 = -u. Calculate the remainder when 260 is divided by u.
17
Let a(q) = -2026*q - 432. Calculate the remainder when a(-1) is divided by 100.
94
Let u = 6676 - 5685. What is the remainder when u is divided by 12?
7
Let u(j) = -64*j - 5. Let l(d) = -8*d - 5. Let g = 18 + -22. Calculate the remainder when u(-3) is divided by l(g).
25
Suppose 4*a - 626 = -3*w, -24*w + 339 = a + 2*a. Calculate the remainder when a is divided by 4.
1
Suppose 2*o = 3*z + 6, -2*o = 2*z - 0*z - 6. Suppose b + o*b = -20. What is the remainder when (-111 + 5)*b/10 is divided by 11?
9
Let m = 2983 - 2912. Calculate the remainder when m is divided by 29.
13
Suppose 2*i - 2*o = 2424, -227*i - o = -223*i - 4848. Calculate the remainder when i is divided by 86.
8
Let f be (4/18 - (-1303)/9) + -4. Let x = 154 - f. Calculate the remainder when 31 is divided by x.
5
Let z = 7 + -3. Calculate the remainder when (-4 - 3)/((-119)/34) is divided by 40/16*z/5.
0
Calculate the remainder when 181 is divided by ((-40)/5 - -13)/(3/15).
6
Let h(j) = 3*j**2 - 7*j + 7. Let d be h(3). Suppose 2*f - 195 = -d*f. Calculate the remainder when 37 is divided by f.
11
Let a be (42/(-3) - -2)*(-9)/27. Suppose 14*p = a*f + 13*p - 22, 2*f + 3*p - 4 = 0. Calculate the remainder when 59 is divided by f.
4
Suppose 14 = 4*g - 10. Let u = -102 - -105. Suppose 0 = 3*l + u*i + 6, -2*i + 3 = -l + 16. What is the remainder when g is divided by l?
0
Suppose -z - 42 = -4*i - 3*z, 4*i + z - 43 = 0. Calculate the remainder when (-22828)/(-208) - (-12)/4*(-4)/16 is divided by i.
10
Let n = -39873 + 40567. Calculate the remainder when n is divided by 81.
46
Suppose 2*c - 7 = -1. Suppose -2*u = c*u - z - 323, 6 = 3*z. Suppose -494 - 118 = -18*g. Calculate the remainder when u is divided by g.
31
Suppose 8459*b = 8478*b - 100681. Calculate the remainder when b is divided by 57.
55
Let f = -1057 + 1046. Let j be 10*(1 - 18/(-4)). Let v = j + f. Calculate the remainder when v is divided by 15.
14
Suppose 4*s - 6505 = -s + a, -4*s + 5*a = -5183. What is the remainder when s is divided by 185?
7
Let f = 457 + -425. Suppose f*a = 2277 - 293. Calculate the remainder when a is divided by 17.
11
Suppose 60 = 4*s - s + 3*k, 0 = -4*s + 3*k + 73. Let z be (-24)/(-4 + 2) + 5. Suppose z*u = 6*u + 583. Calculate the remainder when u is divided by s.
15
Let a = 38 - 35. Suppose -4*q - 16 = -5*m + a*m, 20 = -5*q. Suppose b = 3*g - 95, m*b + 99 = 3*g - 3*b. Calculate the remainder when g is divided by 11.
9
Let o(a) = -a**3 - 7*a**2 + 7*a - 2. Let n be o(-8). Suppose n*u - 11 - 7 = 0. Suppose -u*k + 42 - 21 = 0. Calculate the remainder when 12 is divided by k.
5
Suppose 5*y - 425 = -5*q, q + 218 = -5*y + 275. Calculate the remainder when 2391 is divided by q.
91
Suppose -20*w + 16*w + 24 = 0. Calculate the remainder when 2 + -1 - (-7 - 3 - 2) is divided by w.
1
Let o(n) = -n**3 + 6*n**2. Let p be o(5). Suppose 179*c = -16*c + 390. Let a = c + p. What is the remainder when a is divided by 15?
12
Suppose w = 5*s - 164, s - 56 = 3*w - 12. What is the remainder when 40 is divided by s?
8
Let y be -3 - 0 - 8/(8/(-2991)). Suppose 0 = -11*u - u + y. Calculate the remainder when u is divided by 51.
45
Let f = -64 + 69. Let o = -9 - -9. Suppose o = -x - f*h + 3, -3*h - 7 = -x - 6*h. Calculate the remainder when x is divided by 8.
5
Suppose 0 = 4*v + 12 - 20. Let a(b) = 1 + 13*b - 7 + 15 + b**v + 13. Calculate the remainder when 84 is divided by a(-13).
18
Let v = 35 + -22. Suppose 7*n = -122 + 864. Let y = 110 - n. What is the remainder when v is divided by y?
1
Let g(h) be the second derivative of -h**4/12 + 3*h**3/2 - 2*h**2 - 2*h - 1. Calculate the remainder when g(5) is divided by 10.
6
Suppose 7341 + 5187 = 106*l + 38*l. Calculate the remainder when 2870 is divided by l.
86
Let u be (-3 + 0 - 335)/(4 + -6). Suppose u = 2*o + 59. What is the remainder when o is divided by 16?
7
Let p(o) = 17*o**2 - 1005*o + 132. What is the remainder when 10387 is divided by p(59)?
13
Let a = 6684 + -6358. What is the remainder when a is divided by 21?
11
Suppose -2*x + 25 = -67. Suppose 4*i - 152 = -u, -3*u - 449*i + 416 = -447*i. Calculate the remainder when u is divided by x.
44
Suppose 2*f + 10 = 4*p - 2*p, -3*p + 15 = -4*f. Suppose -18 = -s - 3*u, f*u = -4*s - 4*u + 88. Calculate the remainder when 79 is divided by s.
7
Suppose 30 = 2*j - j. Let b(u) = 3*u**2 + 84*u + 399. Calculate the remainder when j is divided by b(-6).
0
Let x(q) = -126. Let g(y) = 2*y + 127. Let p(w) = 4*g(w) + 5*x(w). Calculate the remainder when 329 is divided by p(19).
29
Let n = 2967 + -2575. What is the remainder when n is divided by 197?
195
Let r(h) = -h**3 - h**2 + 3*h - 7. Let l(x) = -x**3 + 2*x**2 + x + 1. Let d(u) = -2*l(u) + r(u). What is the remainder when d(6) is divided by 12?
9
Suppose 0 = a - 4*a - 7*a. Suppose 24 = 5*j - a*j - 4*m, -20 = -5*m. Suppose -3*h + 374 = j*h. What is the remainder when h is divided by 19?
15
Let g(h) = -5*h - 6. Let p(d) = 2*d + 3. Let f(z) = -3*g(z) - 7*p(z). Suppose -16 = -22*m + 28. Calculate the remainder when m is divided by f(5).
0
Suppose -w + 4*g + 5063 = -3312, -16717 = -2*w - 3*g. Calculate the remainder when w is divided by 62.
55
Suppose -13*u + 25 = 174 - 1397. What is the remainder when u is divided by 73?
23
Let q(t) = 20*t - 99. Let y be q(5). Let b(s) = 98*s + 27. Calculate the remainder when b(y) is divided by 32.
29
Suppose -3*s + 41 = 2. Let w = 108 - 516. Let v = w + 445. Calculate the remainder when v is divided by s.
11
Suppose 0 = 20*p - 30*p + 3300. Suppose 2*v - 164 = w, -6*v - p = -10*v + 3*w. Calculate the remainder when 482 is divided by v.
77
Let c = 17462 - 17443. What is the remainder when 131*1 + -1 + 0 is divided by c?
16
Suppose c - 2*j + 31 = 29, 52 = 4*c + 4*j. Suppose c*i - 1402 = 246. What is the remainder when i is divided by 23?
22
Let u = 17 - -23. Let y(k) = 329*k - 11366. What is the remainder when y(35) is divided by u?
29
Let m = 680 + -322. Let f(z) = -z**3 - 11*z**2 + 6*z + 86. Calculate the remainder when m is divided by f(-11).
18
Suppose 110*s + 3975 = 3*n + 104*s, -2*s = 4*n - 5330. Calculate the remainder when n is divided by 46.
43
Let w(h) = -h**3 + 6*h**2 + 17*h + 14. Let d be w(9). Let t = -68 - d. What is the remainder when 29 is divided by t?
5
Suppose 9*j - 64 = j. Suppose -2*o + 75 + 1 = 0. Let z = o - 15. Calculate the remainder when z is divided by j.
7
Let h = -56 - -90. Suppose -11*q + 22*q = 11. Calculate the remainder when 97 is divided by q/(2/h) + 3.
17
Let p = -465 - -509. Suppose -p*n + 35*n + 477 = 0. What is the remainder when n is divided by 7?
4
Suppose -4*y = 4, 4*y = -3*c - 0 + 5. Suppose -2*j = 2*g - 3*g - 825, -845 = -2*j - c*g. Calculate the remainder when j is divided by 30.
25
Let p = -4172 - -4295. Calculate the remainder when 486 is divided by p.
117
Let f = -12545 - -12675. Calculate the remainder when 262 is divided by f.
2
Suppose u - 3*z = 292, -58*u = -57*u + 6*z - 238. What is the remainder when u is divided by 114?
46
Let v = -34120 - -35025. What is the remainder when v is divided by 130?
125
Let y be 23/4 + (-2)/(-8). Suppose -y = -q + 10. Let b = -2668465 + 2668556. Calculate the remainder when b is divided by q.
11
Let j(b) = 6*b + 459. What is the remainder when 2336 is divided by j(-56)?
122
Suppose -3*l + 417 = 3*g, 0 = 13*g - 16*g + 4*l + 445. What is the remainder when 173 is divided by g?
30
Let q(t) = t**2 - 3*t - 8. Let r be q(7). Suppose r - 42 = 2*h. Calculate the remainder when 93 is divided by (h - (-2 - 1))*-3.
21
Let k = 2